691755?
False
Is 3075955 a multiple of 20?
False
Does 10 divide 241020?
True
Is 3790890 a multiple of 73?
True
Does 26 divide 787481?
False
Is 318432 a multiple of 1488?
True
Is 3 a factor of 67968?
True
Is 962286 a multiple of 22?
False
Is 89460 a multiple of 20?
True
Is 7 a factor of 29185?
False
Is 64 a factor of 2469248?
True
Is 107 a factor of 12321164?
False
Does 36 divide 1248372?
True
Is 1616689 a multiple of 5?
False
Is 58 a factor of 55448?
True
Does 240 divide 81120?
True
Is 610995 a multiple of 385?
True
Is 4470144 a multiple of 224?
True
Does 31 divide 3627784?
False
Is 549697 a multiple of 9?
False
Is 930312 a multiple of 708?
True
Is 21877850 a multiple of 25?
True
Is 8 a factor of 3316080?
True
Is 1172016 a multiple of 48?
True
Does 27 divide 2854531?
False
Does 111 divide 4470513?
False
Is 53 a factor of 110309?
False
Is 2363 a factor of 177225?
True
Is 198940 a multiple of 2?
True
Is 228 a factor of 4137861?
False
Does 8 divide 85960?
True
Is 654354 a multiple of 19?
False
Is 409754 a multiple of 212?
False
Does 17 divide 12724?
False
Is 96 a factor of 60384?
True
Does 999 divide 6184932?
False
Is 27 a factor of 15815494?
False
Is 364584 a multiple of 88?
True
Is 941820 a multiple of 12?
True
Does 43 divide 287455?
True
Does 7 divide 757144?
False
Is 201036 a multiple of 44?
True
Does 496 divide 4811339?
False
Is 3895184 a multiple of 16?
True
Is 220614 a multiple of 498?
True
Is 72277 a multiple of 3?
False
Is 806 a factor of 4648937?
False
Is 86 a factor of 974787?
False
Is 129 a factor of 36311?
False
Is 241 a factor of 1075583?
True
Is 482952 a multiple of 71?
False
Is 136584 a multiple of 14?
True
Does 21 divide 68546?
False
Is 784657 a multiple of 199?
True
Is 12 a factor of 911915?
False
Is 4042872 a multiple of 408?
True
Is 23561 a multiple of 3?
False
Is 49 a factor of 106501?
False
Is 7419325 a multiple of 537?
False
Does 52 divide 5752203?
False
Is 24 a factor of 395437?
False
Does 499 divide 399241?
False
Does 17 divide 473943?
True
Is 2212234 a multiple of 524?
False
Is 315 a factor of 7531650?
True
Is 392990 a multiple of 26?
True
Is 150 a factor of 133500?
True
Does 318 divide 594316?
False
Is 1703754 a multiple of 702?
True
Is 105530 a multiple of 10?
True
Does 18 divide 423113?
False
Is 58 a factor of 193662?
True
Is 62186 a multiple of 62?
True
Does 16 divide 328128?
True
Does 32 divide 117597?
False
Does 396 divide 7131223?
False
Is 569 a factor of 1420793?
True
Is 7436175 a multiple of 17?
False
Is 3 a factor of 154514?
False
Does 92 divide 959836?
True
Is 1215 a factor of 3710610?
True
Does 23 divide 11428391?
False
Does 323 divide 1318946?
False
Is 1524851 a multiple of 807?
False
Does 13 divide 248602?
False
Does 55 divide 287205?
False
Is 324344 a multiple of 8?
True
Is 5851039 a multiple of 71?
True
Is 8320844 a multiple of 602?
True
Is 8 a factor of 10714?
False
Does 8 divide 1590919?
False
Is 3995900 a multiple of 25?
True
Does 666 divide 228163?
False
Is 174666 a multiple of 316?
False
Does 4 divide 21660?
True
Is 94318 a multiple of 14?
True
Is 18 a factor of 37260?
True
Does 2 divide 18452?
True
Is 19488989 a multiple of 603?
False
Is 332 a factor of 122840?
True
Does 9 divide 1856394?
True
Does 21 divide 63078?
False
Is 55861 a multiple of 174?
False
Is 4 a factor of 20122?
False
Does 7 divide 368431?
True
Is 890919 a multiple of 33?
False
Does 4 divide 95012?
True
Does 37 divide 367844?
False
Is 42 a factor of 889140?
True
Is 176938 a multiple of 469?
False
Does 417 divide 398542?
False
Is 37748 a multiple of 50?
False
Is 267409 a multiple of 302?
False
Is 6 a factor of 47907?
False
Does 2 divide 205103?
False
Does 28 divide 181251?
False
Is 39 a factor of 579462?
True
Does 1044 divide 6823584?
True
Is 4 a factor of 1180888?
True
Does 299 divide 216177?
True
Does 10 divide 1429425?
False
Is 101 a factor of 14719?
False
Is 115182 a multiple of 3?
True
Is 13 a factor of 226235?
False
Does 111 divide 245799?
False
Is 63 a factor of 761796?
True
Is 1317156 a multiple of 781?
False
Is 210470 a multiple of 130?
True
Does 20 divide 100320?
True
Is 2477194 a multiple of 639?
False
Is 343 a factor of 191737?
True
Is 2815382 a multiple of 86?
True
Is 1371177 a multiple of 14?
False
Is 213 a factor of 124557?
False
Is 8772355 a multiple of 29?
True
Is 814576 a multiple of 49?
True
Does 27 divide 997866?
True
Is 7 a factor of 104090?
True
Is 2006928 a multiple of 33?
True
Is 755368 a multiple of 500?
False
Is 1428546 a multiple of 3?
True
Does 29 divide 345419?
True
Is 1640296 a multiple of 88?
False
Does 172 divide 1737190?
False
Is 126 a factor of 889906?
False
Is 32947020 a multiple of 34?
True
Is 1074 a factor of 3753630?
True
Is 784563 a multiple of 13?
True
Is 2 a factor of 2463578?
True
Does 6 divide 23265?
False
Is 230642 a multiple of 26?
False
Does 256 divide 5557703?
False
Is 22 a factor of 48532?
True
Does 256 divide 2580736?
True
Is 32 a factor of 3523394?
False
Does 24 divide 2851224?
True
Is 40 a factor of 453924?
False
Does 875 divide 2072875?
True
Is 3936 a multiple of 48?
True
Does 603 divide 1351323?
True
Does 5 divide 3404980?
True
Does 50 divide 3782159?
False
Does 91 divide 3560375?
True
Does 104 divide 346225?
False
Does 80 divide 23789?
False
Is 58 a factor of 749824?
True
Is 463498 a multiple of 13?
False
Is 146034 a multiple of 38?
True
Is 406 a factor of 695072?
True
Does 210 divide 1023616?
False
Is 47 a factor of 308490?
False
Is 1584957 a multiple of 6?
False
Does 37 divide 339586?
True
Is 30 a factor of 1506966?
False
Is 10 a factor of 330910?
True
Does 2 divide 67513?
False
Is 3064302 a multiple of 160?
False
Does 165 divide 9124830?
True
Is 700764 a multiple of 23?
True
Does 41 divide 579576?
True
Is 162 a factor of 60751?
False
Is 151760 a multiple of 10?
True
Is 10 a factor of 202720?
True
Is 6 a factor of 83770?
False
Is 209 a factor of 4769798?
True
Is 194369 a multiple of 351?
False
Does 64 divide 6918592?
True
Is 470635 a multiple of 110?
False
Does 1597 divide 1600194?
True
Is 615091 a multiple of 595?
False
Is 5301597 a multiple of 6?
False
Does 3 divide 197724?
True
Does 6 divide 63390?
True
Does 46 divide 4926876?
True
Is 48 a factor of 30062112?
True
Is 104842 a multiple of 31?
True
Is 555 a factor of 176490?
True
Does 159 divide 328812?
True
Is 10692 a multiple of 6?
True
Is 114576 a multiple of 56?
True
Is 764590 a multiple of 119?
False
Is 290179 a multiple of 134?
False
Is 283 a factor of 3886404?
False
Does 19 divide 364838?
True
Is 45 a factor of 566311?
False
Is 184782 a multiple of 11?
False
Is 3474192 a multiple of 61?
False
Does 17 divide 77909?
False
Does 20 divide 308200?
True
Is 156009 a multiple of 59?
False
Is 14 a factor of 1530166?
False
Is 212695 a multiple of 7?
True
Does 46 divide 61588?
False
Is 128446 a multiple of 171?
False
Does 585 divide 631176?
False
Does 88 divide 4332416?
True
Is 221 a factor of 31407?
False
Is 178 a factor of 50908?
True
Is 33280 a multiple of 416?
True
Is 449389 a multiple of 58?
False
Does 149 divide 132461?
True
Does 4 divide 934421?
False
Does 3 divide 114120?
True
Is 327 a factor of 300186?
True
Is 8170549 a multiple of 97?
False
Is 1300 a factor of 5283200?
True
Is 155 a factor of 17293?
False
Does 93 divide 6536226?
True
Is 15 a factor of 2081141?
False
Is 1049 a factor of 3936897?
True
Does 1333 divide 5650428?
False
Does 57 divide 1958406?
True
Does 329 divide 2753828?
False
Does 20 divide 240380?
True
Is 5899 a multiple of 347?
True
Does 11 divide 88037?
False
Is 11 a factor of 3635?
False
Is 249221 a multiple of 7?
True
Is 4 a factor of 63158?
False
Does 40 divide 647840?
True
Is 42354 a multiple of 190?
False
Is 44 a factor of 90608?
False
Is 77016 a multiple of 4?
True
Is 2894798 a multiple of 47?
False
Does 87 divide 9280290?
True
Does 532 divide 539583?
False
Is 194 a factor of 7590907?
False
Is 27728 a multiple of 62?
False
Does 523 divide 643813?
True
Does 14 divide 212929?
False
Is 34 a factor of 1850865?
False
Is 383610 a multiple of 114?
True
Is 14568 a multiple of 3?
True
Does 32 divide 124593?
False
Is 2 a factor of 34484?
True
Is 10800778 a multiple of 19?
True
Is 602 a factor of 562870?
True
Does 327 divide 353160?
True
Is 65 a factor of 5773040?
True
Does 236 divide 934560?
True
Does 9 d